8 = -9646. Let c = 2508 - z. What is the thousands digit of c?
1
What is the units digit of ((-120601)/(-52))/(11/44)?
7
Suppose 4*w + 37792 = 2*u, 88 = 2*w + 80. What is the tens digit of u?
0
Let a(k) = -k**3 + 16*k**2 - 2. Let v be a(16). Let w be (42/(-9))/(v + 316/159). Suppose -3*g + 5*d = g - w, -3*g + 255 = 4*d. What is the units digit of g?
9
Let t(f) = -2*f**2 + 22*f + 4. Let y be t(11). Suppose 4*l - 75 = -4*m - 7, 0 = 5*l - y*m - 49. Let d(q) = 9*q - 20. What is the units digit of d(l)?
7
Let y = -123 + 263. Let c be (14/35)/(2/y). What is the units digit of 281/4 + (-7)/c?
0
Let g be 3/((-12)/26) - (-18)/(-36). Let a(d) = -3*d**3 + 5*d**2 - 8*d - 9. What is the tens digit of a(g)?
2
What is the hundreds digit of (-8)/(-14) - ((-1)/(-13) + 826265056/(-12922))?
9
Suppose 0 = 37*v + 176*v - 23856. What is the units digit of v?
2
Let p(i) = 7*i**3 + 9*i**2 - 6*i - 10. Suppose 14 = 4*d - 2*c, 5*d + c + 14 = 42. What is the tens digit of p(d)?
6
Let m(h) = 0 - h**3 + 3 + 4*h**2 - 9*h**2 + 2*h**2 + 3*h. Let p be m(3). Let u = -21 - p. What is the units digit of u?
1
Let x(s) be the first derivative of s**4/4 - 11*s - 2. Let z be x(4). Suppose 7*w - 703 = z. What is the tens digit of w?
0
Suppose -3*b - 4*h = -53284, -3*b = 2*h + 800 - 54094. What is the units digit of b?
8
Let z be ((-69)/6)/(7*6/84). Let i(q) = -q**3 - 22*q**2 + 9*q - 2. What is the tens digit of i(z)?
2
Let v = 86287 + -53899. Suppose -31*i + 4161 = -v. What is the tens digit of i?
7
Suppose -490 = 5*z - 2*y - 17405, 2*z - y = 6767. Suppose 0 = 48*n - 55*n + z. What is the hundreds digit of n?
4
Suppose 2535*y - 2523*y - 236316 = 0. What is the units digit of y?
3
Let c be (2/(-12) + 107/6)*18. Let t be c/24 - (-2)/(-8). Let r = 121 - t. What is the tens digit of r?
0
Suppose -2 = -4*n + 4*x + 14, 0 = -2*n + x + 7. Suppose -n*g + 494 = -m, g = 3*g - 3*m - 334. Let z = g - 90. What is the tens digit of z?
7
Suppose 42*m + 1989 = 81*m. Suppose -6*x + 3*x + 219 = 0. Let v = x - m. What is the tens digit of v?
2
Suppose 577 = 4*x + 4*k + 2445, -5*x = -5*k + 2285. Let j = x - -782. What is the hundreds digit of j?
3
Let v(q) = -1141*q + 550. What is the units digit of v(-2)?
2
Suppose -5451 - 177 = -6*p. Suppose -l + 287 = 3*b - p, -3*b = 2*l - 1223. What is the tens digit of b?
0
Let a(h) = 101*h**3 + h**2 - h - 1. Let k be a(1). Suppose 100 = -0*u - 4*u - 3*s, k = -4*u + 3*s. What is the units digit of 5/u - 466/(-5)?
3
Suppose 3*h - y = 253, h - 83 = -7*y + 6*y. Let x = 155 - h. What is the units digit of x?
1
Let k = 9432 - 6640. What is the hundreds digit of k?
7
Suppose 53*h + 113299 - 338655 = 0. What is the hundreds digit of h?
2
Let x(z) = 53*z**2 + 39*z + 176. Let v(a) = -2*a**3 + 42*a**2 - a + 17. Let y be v(21). What is the hundreds digit of x(y)?
8
Let l be 2307/12 + (-6)/24. Suppose 0 = 9*m - 17*m + l. What is the tens digit of m/30 + (-276)/(-5)?
5
Let j(z) be the first derivative of 5*z**3/3 + 11*z**2/2 - 6*z + 26. What is the units digit of j(-6)?
8
Let h be (3/2)/((-3)/(-10)). Let k(m) be the second derivative of m**5/20 - m**4/6 + m**3/6 - 3*m**2 - 7*m. What is the tens digit of k(h)?
7
Suppose -15*a + 32 = -7*a. Let n be (-3 - (-12)/a) + 5. What is the tens digit of 146 + (3*-5)/n?
4
Suppose -7*z + 533 = -1864 - 12086. What is the hundreds digit of z?
0
Suppose 5*r = 30, 3*r + 58056 = 722*u - 719*u. What is the units digit of u?
8
Suppose x - 2*g = 126, -4*x + 126 = -3*x + g. Let p = -19517 + 29057. What is the tens digit of p/x - 2/(-7)?
7
Let k = 63501 + -32224. What is the ten thousands digit of k?
3
Let x(o) = -285*o + 577. What is the units digit of x(-13)?
2
Let g = 13992 + -5082. What is the hundreds digit of g?
9
Suppose -4*h = 3*j + 8, -4*j - h + 1 = 2*h. Suppose -5 = -b, j*u - 5*b - 1124 = -b. What is the tens digit of u?
8
Let q = 1571 + 31. Suppose 1926 = 21*v - q. What is the units digit of v?
8
Suppose 3*l = -5*w + 14, l = -2*w + 6*l - 13. Let d(v) = 528*v - 9. What is the hundreds digit of d(w)?
5
What is the units digit of (51 - 14)/(((-24)/(-462))/4)?
9
Let q = 15278 + -8787. What is the units digit of q?
1
Let a(d) = d**3 - 10*d**2 + 16*d + 21. Let k be a(9). Suppose -2*z = 4, -4*o + 6*o = -z - k. Let c = 75 - o. What is the units digit of c?
6
Suppose k = -0 + 51. Let v = k - 47. Suppose -v*m = -2*m - 2*g - 184, 107 = m + 4*g. What is the units digit of m?
5
Let k = 17 - 15. Let b be (-2)/(7/k - 4). Suppose 3*q + 146 = 3*h + q, 0 = -4*h + b*q + 188. What is the tens digit of h?
5
Let k be (1 - 3)/(2/(-30)). Let d be 3 + (-28)/8 - 1416/(-48). Suppose 0 = 2*b - 4*x - 18, -3*x - k - d = -5*b. What is the tens digit of b?
1
Let i(m) = -3*m - 1. Let b be i(-2). Suppose -6 + 174 = 21*r. Suppose -x - x = -5*a - r, 3*a = -b*x + 82. What is the tens digit of x?
1
Let r = 23 + -23. Suppose -5*i - 725 = 5*u, 4*i + i + u + 721 = r. Let w = -63 - i. What is the tens digit of w?
8
Let w(h) be the third derivative of 2*h**5/15 + h**4/8 + 5*h**3 + 238*h**2. What is the tens digit of w(-10)?
0
Let w = 89126 - -46. What is the tens digit of w?
7
Let z(y) = -11*y - 8. Let g be z(-5). Let n(t) = t**2 - 4*t - 9. Let w be n(12). Let r = w - g. What is the units digit of r?
0
Suppose 0 = -2*k - 2*m + m + 10, 0 = -3*m. Suppose -k*p = 4*l - 793, 4*p + 5*l - 369 = 269. What is the tens digit of p?
5
Let s = -208 + 144. Let i = s - -113. What is the units digit of (-14)/14 - (-1 - i)?
9
Let w = -20 - -23. Suppose 0 = 18*u - 21*u - 4*b + 2131, -5*b = w*u - 2126. What is the hundreds digit of u?
7
Let h be (-18648)/420*230/(-4). Let a = 3840 - h. What is the hundreds digit of a?
2
Suppose 2*i - 57912 = 5*p + 52032, -274898 = -5*i + 3*p. What is the hundreds digit of i?
9
Suppose -21*t = -33*t + 168. What is the tens digit of 1/(14/4) - (-206)/t?
1
Suppose -22*i - 108879 = -418815. What is the hundreds digit of i?
0
Let w(j) = -j**3 - 23*j**2 - 27*j + 20. Suppose -3*k = -i + 64, 0*k = 3*k + i + 68. Let z be w(k). Let n = z - 13. What is the hundreds digit of n?
1
Suppose 0 = 4*v + r + r - 84, -v = -3*r - 35. Let f = v + 92. Suppose 5*c = k + 2*k - 348, 2*c = k - f. What is the tens digit of k?
2
Let k = 136 - 100. Let m be ((-16)/10)/(2 - k/15). Suppose -m*x - y + 669 = -0*y, 4*x - 5*y = 639. What is the units digit of x?
6
Suppose 11*d + 28*d - 1023255 = 187656. What is the hundreds digit of d?
0
Let t(s) = s**2 + 21*s - 24. Let g be t(14). Suppose -1504 = -3*i - g. Suppose -242 = -6*b + i. What is the units digit of b?
8
What is the tens digit of (4288/(-128))/((-106)/52 + 2)?
7
Suppose -4*t + 168 = 24. Let n = -38 + t. What is the units digit of n/(-13) - 2718/(-78)?
5
Suppose -6*a = 15*j - 5*a - 301674, -2*a = -18. What is the tens digit of j?
1
Let y(n) = 39*n - 41. Let h be y(1). What is the tens digit of (-1779)/h*12*(-6)/(-54)?
8
Let m(s) = -s**3 + 17*s**2 - 55*s - 25. Let c be (11 - (-13 + 6))*1/2. What is the tens digit of m(c)?
2
Suppose 165 - 165 = -5*h. Suppose 9*u + u - 3410 = h. What is the hundreds digit of u?
3
Suppose -18*c - 4687 + 1105 = 0. Let i = c - -1412. What is the units digit of i?
3
What is the tens digit of 980/(-98) - 727*-5?
2
Let l = 5425 + -80. What is the hundreds digit of l?
3
Suppose 89 - 131 = -7*k. Suppose 2*v = -2*v + 40. Suppose -v*i = -k*i - 388. What is the units digit of i?
7
Let t be (-14)/(-119) + 117/17. Let j be 3 + -2 + (t - 6). Suppose -5*u = j*c - 0*u - 37, u = 2*c - 19. What is the units digit of c?
1
Let k = 5242 + 37771. What is the hundreds digit of k?
0
Suppose 177 + 114 = 2*d + 3*a, a - 597 = -4*d. Let r be (-16)/3*d/(-40). Let s = 8 + r. What is the tens digit of s?
2
Let b(y) = 20*y**2 - 58*y - 259. What is the units digit of b(-13)?
5
Suppose -4*f + 40 - 34 = 5*q, -f + 4 = 0. Let t = 7 - -35. Let l = t + q. What is the units digit of l?
0
Let n(g) = 3*g - 9. Let d be n(9). Let o(r) = r**3 - 19*r**2 + 26*r - 6. Let t be o(d). Let j = -55 + t. What is the units digit of j?
3
Suppose -3*l + 7485 = -15*t, 4*l + 4*t - 12219 = -2311. What is the hundreds digit of l?
4
Suppose 0 = -4*z - 2*t + 2456, 5*t - 774 = -4*z + 1676. Suppose -3*g - 4*i + z + 811 = 0, -5*g - 2*i = -2400. What is the tens digit of g?
8
What is the ten thousands digit of 36286 + (-16 - -36) + -26?
3
Let h be 12/(-18) + 8512/(-12). Let s =